{"id":4839,"date":"2024-09-16T08:03:32","date_gmt":"2024-09-16T08:03:32","guid":{"rendered":"https:\/\/conferences.sigappfr.org\/medes2026\/?page_id=4839"},"modified":"2026-04-18T17:51:34","modified_gmt":"2026-04-18T17:51:34","slug":"conference-venue","status":"publish","type":"page","link":"https:\/\/conferences.sigappfr.org\/medes2026\/conference-venue\/","title":{"rendered":"Conference Venue"},"content":{"rendered":"<p>[vc_row][vc_column][vc_column_text]<\/p>\n<h2>Conference Venue<\/h2>\n<p><span style=\"font-weight: 400;\">The conference will be held at <\/span><\/p>\n<p style=\"text-align: center;\"><span style=\"font-weight: 400;\"><strong>Universidade da Coru\u00f1a, <a href=\"https:\/\/maps.app.goo.gl\/KTzoZyk1otjvaxga9\">Rectorate Building<\/a><br \/>\n<\/strong><\/span><span style=\"font-weight: 400;\">located at R\u00faa Maestranza, 9, 15001 A Coru\u00f1a, Spain<strong>.<\/strong><\/span><\/p>\n<p>[\/vc_column_text][\/vc_column][\/vc_row][vc_row][vc_column][vc_gmaps link=&#8221;#E-8_JTNDaWZyYW1lJTIwc3JjJTNEJTIyaHR0cHMlM0ElMkYlMkZ3d3cuZ29vZ2xlLmNvbSUyRm1hcHMlMkZlbWJlZCUzRnBiJTNEJTIxM20yJTIxMXNmciUyMTJzZnIlMjE0djE3NzY1MzQ1NTMzNjAlMjE1bTIlMjExc2ZyJTIxMnNmciUyMTZtOCUyMTFtNyUyMTFzQ0FvU0ZrTkpTRTB3YjJkTFJVbERRV2RKUTFKdFdsaHNVR2MuJTIxMm0yJTIxMWQ0My4zNzA5MTI3MjA0MTQyOSUyMTJkLTguMzkwMDQ5MjkyOTk5NzI5JTIxM2YxOTMuOTk2ODQlMjE0ZjAlMjE1ZjAuNDAwMDAwMDAwMDAwMDAwMiUyMiUyMHdpZHRoJTNEJTIyNjAwJTIyJTIwaGVpZ2h0JTNEJTIyNDUwJTIyJTIwc3R5bGUlM0QlMjJib3JkZXIlM0EwJTNCJTIyJTIwYWxsb3dmdWxsc2NyZWVuJTNEJTIyJTIyJTIwbG9hZGluZyUzRCUyMmxhenklMjIlMjByZWZlcnJlcnBvbGljeSUzRCUyMm5vLXJlZmVycmVyLXdoZW4tZG93bmdyYWRlJTIyJTNFJTNDJTJGaWZyYW1lJTNF&#8221;][\/vc_column][\/vc_row][vc_row][vc_column]<div class=\"gt-image-gallery\"><div class=\"gt-columns gt-column-3 gt-column-space-5\"><div class=\"gt-col\"><div class=\"gt-inner\"><div class=\"gt-photo\"><a data-fancybox=\"gallery-638\" href=\"https:\/\/conferences.sigappfr.org\/medes2026\/wp-content\/uploads\/2026\/04\/paraninfo.png_95639293.jpg\" data-srcset=\"https:\/\/conferences.sigappfr.org\/medes2026\/wp-content\/uploads\/2026\/04\/paraninfo.png_95639293.jpg 737w, https:\/\/conferences.sigappfr.org\/medes2026\/wp-content\/uploads\/2026\/04\/paraninfo.png_95639293-300x114.jpg 300w, https:\/\/conferences.sigappfr.org\/medes2026\/wp-content\/uploads\/2026\/04\/paraninfo.png_95639293-600x228.jpg 600w\" data-caption=\"\"><\/a><img loading=\"lazy\" decoding=\"async\" width=\"650\" height=\"280\" src=\"https:\/\/conferences.sigappfr.org\/medes2026\/wp-content\/uploads\/2026\/04\/paraninfo.png_95639293-650x280.jpg\" class=\"attachment-eventchamp-thumbnail-2 size-eventchamp-thumbnail-2\" alt=\"\" \/><\/div><\/div><\/div><div class=\"gt-col\"><div class=\"gt-inner\"><div class=\"gt-photo\"><a data-fancybox=\"gallery-638\" href=\"https:\/\/conferences.sigappfr.org\/medes2026\/wp-content\/uploads\/2026\/04\/sala_consello_goberno.jpg_1511013624.jpg\" data-srcset=\"https:\/\/conferences.sigappfr.org\/medes2026\/wp-content\/uploads\/2026\/04\/sala_consello_goberno.jpg_1511013624.jpg 1620w, https:\/\/conferences.sigappfr.org\/medes2026\/wp-content\/uploads\/2026\/04\/sala_consello_goberno.jpg_1511013624-300x200.jpg 300w, https:\/\/conferences.sigappfr.org\/medes2026\/wp-content\/uploads\/2026\/04\/sala_consello_goberno.jpg_1511013624-1024x683.jpg 1024w, https:\/\/conferences.sigappfr.org\/medes2026\/wp-content\/uploads\/2026\/04\/sala_consello_goberno.jpg_1511013624-768x512.jpg 768w, https:\/\/conferences.sigappfr.org\/medes2026\/wp-content\/uploads\/2026\/04\/sala_consello_goberno.jpg_1511013624-1536x1024.jpg 1536w, https:\/\/conferences.sigappfr.org\/medes2026\/wp-content\/uploads\/2026\/04\/sala_consello_goberno.jpg_1511013624-600x400.jpg 600w\" data-caption=\"\"><\/a><img loading=\"lazy\" decoding=\"async\" width=\"650\" height=\"650\" src=\"https:\/\/conferences.sigappfr.org\/medes2026\/wp-content\/uploads\/2026\/04\/sala_consello_goberno.jpg_1511013624-650x650.jpg\" class=\"attachment-eventchamp-thumbnail-2 size-eventchamp-thumbnail-2\" alt=\"\" srcset=\"https:\/\/conferences.sigappfr.org\/medes2026\/wp-content\/uploads\/2026\/04\/sala_consello_goberno.jpg_1511013624-650x650.jpg 650w, https:\/\/conferences.sigappfr.org\/medes2026\/wp-content\/uploads\/2026\/04\/sala_consello_goberno.jpg_1511013624-150x150.jpg 150w, https:\/\/conferences.sigappfr.org\/medes2026\/wp-content\/uploads\/2026\/04\/sala_consello_goberno.jpg_1511013624-350x350.jpg 350w, https:\/\/conferences.sigappfr.org\/medes2026\/wp-content\/uploads\/2026\/04\/sala_consello_goberno.jpg_1511013624-85x85.jpg 85w, https:\/\/conferences.sigappfr.org\/medes2026\/wp-content\/uploads\/2026\/04\/sala_consello_goberno.jpg_1511013624-300x300.jpg 300w, https:\/\/conferences.sigappfr.org\/medes2026\/wp-content\/uploads\/2026\/04\/sala_consello_goberno.jpg_1511013624-100x100.jpg 100w, https:\/\/conferences.sigappfr.org\/medes2026\/wp-content\/uploads\/2026\/04\/sala_consello_goberno.jpg_1511013624-400x400.jpg 400w\" sizes=\"auto, (max-width: 650px) 100vw, 650px\" \/><\/div><\/div><\/div><div class=\"gt-col\"><div class=\"gt-inner\"><div class=\"gt-photo\"><a data-fancybox=\"gallery-638\" href=\"https:\/\/conferences.sigappfr.org\/medes2026\/wp-content\/uploads\/2026\/04\/Sala-de-prensa-2.jpeg\" data-srcset=\"https:\/\/conferences.sigappfr.org\/medes2026\/wp-content\/uploads\/2026\/04\/Sala-de-prensa-2.jpeg 2000w, https:\/\/conferences.sigappfr.org\/medes2026\/wp-content\/uploads\/2026\/04\/Sala-de-prensa-2-300x225.jpeg 300w, https:\/\/conferences.sigappfr.org\/medes2026\/wp-content\/uploads\/2026\/04\/Sala-de-prensa-2-1024x768.jpeg 1024w, https:\/\/conferences.sigappfr.org\/medes2026\/wp-content\/uploads\/2026\/04\/Sala-de-prensa-2-768x576.jpeg 768w, https:\/\/conferences.sigappfr.org\/medes2026\/wp-content\/uploads\/2026\/04\/Sala-de-prensa-2-1536x1152.jpeg 1536w, https:\/\/conferences.sigappfr.org\/medes2026\/wp-content\/uploads\/2026\/04\/Sala-de-prensa-2-600x450.jpeg 600w\" data-caption=\"\"><\/a><img loading=\"lazy\" decoding=\"async\" width=\"650\" height=\"650\" src=\"https:\/\/conferences.sigappfr.org\/medes2026\/wp-content\/uploads\/2026\/04\/Sala-de-prensa-2-650x650.jpeg\" class=\"attachment-eventchamp-thumbnail-2 size-eventchamp-thumbnail-2\" alt=\"\" srcset=\"https:\/\/conferences.sigappfr.org\/medes2026\/wp-content\/uploads\/2026\/04\/Sala-de-prensa-2-650x650.jpeg 650w, https:\/\/conferences.sigappfr.org\/medes2026\/wp-content\/uploads\/2026\/04\/Sala-de-prensa-2-150x150.jpeg 150w, https:\/\/conferences.sigappfr.org\/medes2026\/wp-content\/uploads\/2026\/04\/Sala-de-prensa-2-350x350.jpeg 350w, https:\/\/conferences.sigappfr.org\/medes2026\/wp-content\/uploads\/2026\/04\/Sala-de-prensa-2-1200x1200.jpeg 1200w, https:\/\/conferences.sigappfr.org\/medes2026\/wp-content\/uploads\/2026\/04\/Sala-de-prensa-2-85x85.jpeg 85w, https:\/\/conferences.sigappfr.org\/medes2026\/wp-content\/uploads\/2026\/04\/Sala-de-prensa-2-300x300.jpeg 300w, https:\/\/conferences.sigappfr.org\/medes2026\/wp-content\/uploads\/2026\/04\/Sala-de-prensa-2-100x100.jpeg 100w, https:\/\/conferences.sigappfr.org\/medes2026\/wp-content\/uploads\/2026\/04\/Sala-de-prensa-2-400x400.jpeg 400w\" sizes=\"auto, (max-width: 650px) 100vw, 650px\" \/><\/div><\/div><\/div><\/div><\/div>[\/vc_column][\/vc_row]<\/p>\n","protected":false},"excerpt":{"rendered":"<p>[vc_row][vc_column][vc_column_text] Conference Venue The conference will be held at Universidade da Coru\u00f1a, Rectorate Building located at R\u00faa Maestranza, 9, 15001 A Coru\u00f1a, Spain. [\/vc_column_text][\/vc_column][\/vc_row][vc_row][vc_column][vc_gmaps link=&#8221;#E-8_JTNDaWZyYW1lJTIwc3JjJTNEJTIyaHR0cHMlM0ElMkYlMkZ3d3cuZ29vZ2xlLmNvbSUyRm1hcHMlMkZlbWJlZCUzRnBiJTNEJTIxM20yJTIxMXNmciUyMTJzZnIlMjE0djE3NzY1MzQ1NTMzNjAlMjE1bTIlMjExc2ZyJTIxMnNmciUyMTZtOCUyMTFtNyUyMTFzQ0FvU0ZrTkpTRTB3YjJkTFJVbERRV2RKUTFKdFdsaHNVR2MuJTIxMm0yJTIxMWQ0My4zNzA5MTI3MjA0MTQyOSUyMTJkLTguMzkwMDQ5MjkyOTk5NzI5JTIxM2YxOTMuOTk2ODQlMjE0ZjAlMjE1ZjAuNDAwMDAwMDAwMDAwMDAwMiUyMiUyMHdpZHRoJTNEJTIyNjAwJTIyJTIwaGVpZ2h0JTNEJTIyNDUwJTIyJTIwc3R5bGUlM0QlMjJib3JkZXIlM0EwJTNCJTIyJTIwYWxsb3dmdWxsc2NyZWVuJTNEJTIyJTIyJTIwbG9hZGluZyUzRCUyMmxhenklMjIlMjByZWZlcnJlcnBvbGljeSUzRCUyMm5vLXJlZmVycmVyLXdoZW4tZG93bmdyYWRlJTIyJTNFJTNDJTJGaWZyYW1lJTNF&#8221;][\/vc_column][\/vc_row][vc_row][vc_column][\/vc_column][\/vc_row]<\/p>\n","protected":false},"author":1,"featured_media":0,"parent":0,"menu_order":0,"comment_status":"closed","ping_status":"closed","template":"","meta":{"footnotes":""},"class_list":["post-4839","page","type-page","status-publish","hentry"],"_links":{"self":[{"href":"https:\/\/conferences.sigappfr.org\/medes2026\/wp-json\/wp\/v2\/pages\/4839","targetHints":{"allow":["GET"]}}],"collection":[{"href":"https:\/\/conferences.sigappfr.org\/medes2026\/wp-json\/wp\/v2\/pages"}],"about":[{"href":"https:\/\/conferences.sigappfr.org\/medes2026\/wp-json\/wp\/v2\/types\/page"}],"author":[{"embeddable":true,"href":"https:\/\/conferences.sigappfr.org\/medes2026\/wp-json\/wp\/v2\/users\/1"}],"replies":[{"embeddable":true,"href":"https:\/\/conferences.sigappfr.org\/medes2026\/wp-json\/wp\/v2\/comments?post=4839"}],"version-history":[{"count":60,"href":"https:\/\/conferences.sigappfr.org\/medes2026\/wp-json\/wp\/v2\/pages\/4839\/revisions"}],"predecessor-version":[{"id":5541,"href":"https:\/\/conferences.sigappfr.org\/medes2026\/wp-json\/wp\/v2\/pages\/4839\/revisions\/5541"}],"wp:attachment":[{"href":"https:\/\/conferences.sigappfr.org\/medes2026\/wp-json\/wp\/v2\/media?parent=4839"}],"curies":[{"name":"wp","href":"https:\/\/api.w.org\/{rel}","templated":true}]}}