{"id":4882,"date":"2024-10-21T14:01:50","date_gmt":"2024-10-21T14:01:50","guid":{"rendered":"https:\/\/conferences.sigappfr.org\/medes2024\/?page_id=4882"},"modified":"2024-10-24T09:54:37","modified_gmt":"2024-10-24T09:54:37","slug":"student-track","status":"publish","type":"page","link":"https:\/\/conferences.sigappfr.org\/medes2024\/student-track\/","title":{"rendered":"Student Track"},"content":{"rendered":"<p>[vc_row][vc_column][vc_column_text]<\/p>\n<table width=\"871\">\n<tbody>\n<tr>\n<td width=\"36\"><\/td>\n<td width=\"367\">Authors<\/td>\n<td width=\"367\">Title<\/td>\n<td width=\"101\">Type<\/td>\n<\/tr>\n<tr>\n<td width=\"36\">3242<\/td>\n<td width=\"367\">Antonio Becerra-Teron, Antonio Jes\u00fas Fern\u00e1ndez-Garc\u00eda and<br \/>\nAzahara Mart\u00ednez-Manzanares<\/td>\n<td width=\"367\">Optimizing Recommender Systems through Enhanced User-Item<br \/>\nPair Exchanges<\/td>\n<td width=\"101\">Regular<\/td>\n<\/tr>\n<tr>\n<td width=\"36\">4363<\/td>\n<td width=\"367\">Kento Yano, Koichiro Ito and Shohei Yokoyama<\/td>\n<td width=\"367\">Whose smartphone? Pairing each individual in the panoramic<br \/>\nvideo with their respective smartphone<\/td>\n<td width=\"101\">Regular<\/td>\n<\/tr>\n<tr>\n<td width=\"36\">8745<\/td>\n<td width=\"367\">Maroun Ayli, Youssef El Bakouny, Hani Seifeddine, Nader<br \/>\nJalloul and Rima Kilany<\/td>\n<td width=\"367\">Enhancing UI Tests Robustness With Graph Convolutional<br \/>\nNetworks<\/td>\n<td width=\"101\">Regular<\/td>\n<\/tr>\n<tr>\n<td width=\"36\">3283<\/td>\n<td width=\"367\">Taija Kolehmainen, Reetta-Kaisa Ghezzi and Tommi Mikkonen<\/td>\n<td width=\"367\">Modeling Government Business Ecosystems with Ecosystem<br \/>\nGovernance Compass<\/td>\n<td width=\"101\">Short Paper<\/td>\n<\/tr>\n<\/tbody>\n<\/table>\n<p>[\/vc_column_text][\/vc_column][\/vc_row]<\/p>\n","protected":false},"excerpt":{"rendered":"<p>[vc_row][vc_column][vc_column_text] Authors Title Type 3242 Antonio Becerra-Teron, Antonio Jes\u00fas Fern\u00e1ndez-Garc\u00eda and Azahara Mart\u00ednez-Manzanares Optimizing Recommender Systems through Enhanced User-Item Pair Exchanges Regular 4363 Kento Yano, Koichiro Ito and Shohei Yokoyama Whose smartphone? Pairing each individual in the panoramic video with&#8230;<\/p>\n","protected":false},"author":1,"featured_media":0,"parent":0,"menu_order":0,"comment_status":"closed","ping_status":"closed","template":"","meta":{"footnotes":""},"class_list":["post-4882","page","type-page","status-publish","hentry"],"_links":{"self":[{"href":"https:\/\/conferences.sigappfr.org\/medes2024\/wp-json\/wp\/v2\/pages\/4882","targetHints":{"allow":["GET"]}}],"collection":[{"href":"https:\/\/conferences.sigappfr.org\/medes2024\/wp-json\/wp\/v2\/pages"}],"about":[{"href":"https:\/\/conferences.sigappfr.org\/medes2024\/wp-json\/wp\/v2\/types\/page"}],"author":[{"embeddable":true,"href":"https:\/\/conferences.sigappfr.org\/medes2024\/wp-json\/wp\/v2\/users\/1"}],"replies":[{"embeddable":true,"href":"https:\/\/conferences.sigappfr.org\/medes2024\/wp-json\/wp\/v2\/comments?post=4882"}],"version-history":[{"count":4,"href":"https:\/\/conferences.sigappfr.org\/medes2024\/wp-json\/wp\/v2\/pages\/4882\/revisions"}],"predecessor-version":[{"id":4904,"href":"https:\/\/conferences.sigappfr.org\/medes2024\/wp-json\/wp\/v2\/pages\/4882\/revisions\/4904"}],"wp:attachment":[{"href":"https:\/\/conferences.sigappfr.org\/medes2024\/wp-json\/wp\/v2\/media?parent=4882"}],"curies":[{"name":"wp","href":"https:\/\/api.w.org\/{rel}","templated":true}]}}