{"id":5786,"date":"2026-01-29T08:26:37","date_gmt":"2026-01-29T08:26:37","guid":{"rendered":"https:\/\/conferences.sigappfr.org\/egc2026\/?page_id=5786"},"modified":"2026-01-29T08:30:13","modified_gmt":"2026-01-29T08:30:13","slug":"prix-de-these-egc-2026","status":"publish","type":"page","link":"https:\/\/conferences.sigappfr.org\/egc2026\/prix-de-these-egc-2026\/","title":{"rendered":"Prix de th\u00e8se EGC 2026\u00a0"},"content":{"rendered":"<p>[vc_row][vc_column][vc_column_text]<\/p>\n<h1><b>Prix de th\u00e8se EGC 2026\u00a0<\/b><br \/>\n<b><\/b><\/h1>\n<h3><b>Prix de th\u00e8se\u00a0<\/b><\/h3>\n<p><b>Doctorant: <\/b>Hassan Abdallah<br \/>\n<strong>Titre<\/strong> : Mod\u00e9lisation et compr\u00e9hension des dynamiques des relations dans les graphes de connaissances avec des applications au classement et \u00e0 l&#8217;analyse de la stabilit\u00e9<br \/>\n<strong>Universit\u00e9: <\/strong>Universit\u00e9 de Tours<strong><br \/>\nEncadrement<\/strong> : B\u00e9atrice Markhoff et Arnaud Soulet<\/p>\n<h3><b>Accessit du Prix de Th\u00e8se\u00a0<\/b><\/h3>\n<p><b>Doctorant: <\/b>Louenas Bounia<br \/>\n<strong>Titre<\/strong> : Mod\u00e8les formels pour l&#8217;IA explicable: des explications pour les arbres de d\u00e9cision<br \/>\n<strong>Universit\u00e9: <\/strong>Universit\u00e9 d\u2019Artois<br \/>\n<strong>Encadrement<\/strong> : Fr\u00e9d\u00e9ric KORICHE et Pierre MARQUIS[\/vc_column_text][\/vc_column][\/vc_row]<\/p>\n","protected":false},"excerpt":{"rendered":"<p>[vc_row][vc_column][vc_column_text] Prix de th\u00e8se EGC 2026\u00a0 Prix de th\u00e8se\u00a0 Doctorant: Hassan Abdallah Titre : Mod\u00e9lisation et compr\u00e9hension des dynamiques des relations dans les graphes de connaissances avec des applications au classement et \u00e0 l&#8217;analyse de la stabilit\u00e9 Universit\u00e9: Universit\u00e9 de&#8230;<\/p>\n","protected":false},"author":3,"featured_media":0,"parent":0,"menu_order":0,"comment_status":"closed","ping_status":"closed","template":"","meta":{"footnotes":""},"class_list":["post-5786","page","type-page","status-publish","hentry"],"_links":{"self":[{"href":"https:\/\/conferences.sigappfr.org\/egc2026\/wp-json\/wp\/v2\/pages\/5786","targetHints":{"allow":["GET"]}}],"collection":[{"href":"https:\/\/conferences.sigappfr.org\/egc2026\/wp-json\/wp\/v2\/pages"}],"about":[{"href":"https:\/\/conferences.sigappfr.org\/egc2026\/wp-json\/wp\/v2\/types\/page"}],"author":[{"embeddable":true,"href":"https:\/\/conferences.sigappfr.org\/egc2026\/wp-json\/wp\/v2\/users\/3"}],"replies":[{"embeddable":true,"href":"https:\/\/conferences.sigappfr.org\/egc2026\/wp-json\/wp\/v2\/comments?post=5786"}],"version-history":[{"count":2,"href":"https:\/\/conferences.sigappfr.org\/egc2026\/wp-json\/wp\/v2\/pages\/5786\/revisions"}],"predecessor-version":[{"id":5789,"href":"https:\/\/conferences.sigappfr.org\/egc2026\/wp-json\/wp\/v2\/pages\/5786\/revisions\/5789"}],"wp:attachment":[{"href":"https:\/\/conferences.sigappfr.org\/egc2026\/wp-json\/wp\/v2\/media?parent=5786"}],"curies":[{"name":"wp","href":"https:\/\/api.w.org\/{rel}","templated":true}]}}