{"id":5538,"date":"2025-10-06T08:00:59","date_gmt":"2025-10-06T08:00:59","guid":{"rendered":"https:\/\/conferences.sigappfr.org\/egc2026\/?page_id=5538"},"modified":"2025-10-06T08:13:37","modified_gmt":"2025-10-06T08:13:37","slug":"ecole-dhiver-e-egc","status":"publish","type":"page","link":"https:\/\/conferences.sigappfr.org\/egc2026\/ecole-dhiver-e-egc\/","title":{"rendered":"\u00c9cole d\u2019hiver \u00c9-EGC"},"content":{"rendered":"<p>[vc_row][vc_column][vc_column_text]La douzi\u00e8me \u00c9cole d\u2019Hiver \u00e9-EGC, sur le th\u00e8me \u00ab <strong>L\u2019Intelligence Artificielle dans la Cybers\u00e9curit\u00e9 : risque ou opportunit\u00e9 ?<\/strong> \u00bb, est un \u00e9v\u00e9nement organis\u00e9 par l\u2019Association Extraction et Gestion de Connaissances (EGC, <a style=\"color: #ffbb00;\" href=\"http:\/\/www.egc.asso.fr\/\">http:\/\/www.egc.asso.fr\/<\/a> ).<\/p>\n<p>Cet \u00e9v\u00e9nement s\u2019organise autour de deux activit\u00e9s principales :<\/p>\n<ul>\n<li>\u00a0 Deux journ\u00e9es de formation : les 26 et 27 janvier 2026<\/li>\n<li>\u00a0 Une participation \u00e0 la conf\u00e9rence EGC 2026 : du 28 au 30 janvier 2026<\/li>\n<\/ul>\n<h3>TH\u00c8ME DE L&#8217;\u00c9COLE : L\u2019Intelligence Artificielle dans la Cybers\u00e9curit\u00e9 : risque ou opportunit\u00e9 ?<\/h3>\n<p>La cybers\u00e9curit\u00e9 vise \u00e0 \u00e9tudier les m\u00e9thodes, les techniques, mais aussi les impacts de ces derni\u00e8res dans leur utilisation pour pr\u00e9venir les cyberattaques. De nos jours, les techniques d\u2019Intelligence Artificielle (IA) \u00e9voluent rapidement. Ainsi, les \u00e9quipes de cybers\u00e9curit\u00e9 s\u2019en saisissent \u00a0afin de proposer des syst\u00e8mes de protection plus performants. Mais, parall\u00e8lement, les hackers utilisent les techniques d\u2019IA \u00e0 leur avantage pour d\u00e9velopper des attaques de plus en plus complexes et difficiles \u00e0 d\u00e9tecter.<\/p>\n<p>Cette dualit\u00e9 d\u2019usages, entre innovation d\u00e9fensive et offensive, place l\u2019IA au c\u0153ur des enjeux strat\u00e9giques actuels. Il devient essentiel pour les chercheurs et les professionnels de comprendre, anticiper et ma\u00eetriser ces dynamiques pour garantir une cybers\u00e9curit\u00e9 \u00e9thique, robuste et r\u00e9siliente.<\/p>\n<p>Le march\u00e9 europ\u00e9en de l&#8217;IA dans la cybers\u00e9curit\u00e9 devrait atteindre un chiffre d&#8217;affaires pr\u00e9vu de 18 139 millions $ d&#8217;ici 2030, un taux de croissance annuel de 20,9 % \u00e9tant attendu de 2024 \u00e0 2030 (ref : <a style=\"color: #ffbb00;\" href=\"https:\/\/www.grandviewresearch.com\/horizon\/outlook\/ai-in-cybersecurity-market\/europe#:~:text=The%20Europe%20ai%20in%20cybersecurity,revenue%20generating%20component%20in%202023\">https:\/\/www.grandviewresearch.com\/horizon\/outlook\/ai-in-cybersecurity-market\/europe#:~:text=The%20Europe%20ai%20in%20cybersecurity,revenue%20generating%20component%20in%202023<\/a>. ).<\/p>\n<p>La douzi\u00e8me \u00e9dition de l&#8217;\u00c9cole d\u2019Hiver \u00e9-EGC a pour ambition d\u2019offrir aux participants une vue d\u2019ensemble autour des techniques d\u2019IA utilis\u00e9es \u00e0 la fois\u00a0 par les experts en cybers\u00e9curit\u00e9 et par les attaquants. D\u2019un c\u00f4t\u00e9, les \u00e9quipes de cybers\u00e9curit\u00e9 ont plusieurs objectifs, tels que: la pr\u00e9vention des pertes de donn\u00e9es, la d\u00e9tection des fraudes, la gestion des identit\u00e9s, la d\u00e9tection des intrusions, la gestion des risques, etc. tout en assurant la pr\u00e9cision et la rapidit\u00e9 des d\u00e9tections.<\/p>\n<p>De l\u2019autre c\u00f4t\u00e9, les hackers utilisent les techniques d\u00e9velopp\u00e9es en intelligence artificielle pour automatiser les attaques, optimiser les algorithmes de\u00a0 d\u00e9chiffrement de\u00a0 mots-de-passe, g\u00e9n\u00e9rer des informations fausses (deepfake), ou encore modifier des donn\u00e9es afin d\u2019influencer la d\u00e9cision finale d\u2019un mod\u00e8le IA.<\/p>\n<p>Dans cette \u00e9cole, les participants exploreront un large \u00e9ventail de techniques d\u2019IA qu\u2019elles soient utilis\u00e9es \u00e0 des fins d\u00e9fensives ou offensives. L\u2019objectif est de leur offrir une compr\u00e9hension approfondie des m\u00e9canismes d\u2019attaques et de protection, tout en les outillant pour anticiper les menaces \u00e9mergentes et concevoir des r\u00e9ponses innovantes. A travers une articulation entre th\u00e9orie, cas d\u2019usage, cette \u00e9cole se veut un espace de mont\u00e9e en comp\u00e9tences et de r\u00e9flexion critique sur l\u2019avenir de la cybers\u00e9curit\u00e9 \u00e0 l\u2019\u00e8re de l\u2019IA.<\/p>\n<h3>OBJECTIFS DE L&#8217;\u00c9COLE<\/h3>\n<p>Les deux journ\u00e9es\u00a0 de formation ont pour but principal d\u2019offrir aux participants une immersion structur\u00e9e et progressive \u00a0 dans le domaine de l\u2019intelligence artificielle appliqu\u00e9e \u00e0 la cybers\u00e9curit\u00e9. L\u2019objectif est double :<\/p>\n<ul>\n<li>Proposer des tutoriels introductifs pour acqu\u00e9rir les fondements n\u00e9cessaires \u00e0 la compr\u00e9hension des enjeux;<\/li>\n<li>mais aussi des interventions avanc\u00e9es, pr\u00e9sentant les derni\u00e8res avanc\u00e9es scientifiques et technologiques, ainsi que des solutions innovantes aux probl\u00e9matiques actuelles<\/li>\n<\/ul>\n<p>Certaines sessions\u00a0 seront accompagn\u00e9es\u00a0 d\u2019ateliers pratiques permettant aux participants de manipuler divers outils, d\u2019exp\u00e9rimenter des cas d\u2019usage concrets, et de consolider leur apprentissage par l\u2019exp\u00e9rience. Par ailleurs, des intervenants internationaux proposeront , des tutoriels qui seront dispens\u00e9s en anglais, , apportant ainsi une perspective globale et comparative sur les approches en cours dans diff\u00e9rents \u00e9cosyst\u00e8mes.<\/p>\n<p>Au-del\u00e0 de la formation, la participation \u00e0 la conf\u00e9rence EGC permettra aux participants<\/p>\n<ul>\n<li>de s\u2019immerger dans l\u2019un des \u00e9v\u00e9nements phares\u00a0 de la communaut\u00e9 francophone de l\u2019extraction et la gestion de connaissances.<\/li>\n<li>d&#8217;assister \u00e0 des communications scientifiques ce haut niveau<\/li>\n<li>et de d\u00e9couvrir des th\u00e9matiques transversales ou compl\u00e9mentaires \u00e0 celles de l\u2019\u00e9cole.<\/li>\n<\/ul>\n<p>Enfin, cette \u00e9cole se veut un lieu de rencontre et d\u2019\u00e9change entre jeunes chercheurs (doctorants, post-doctorants et ing\u00e9nieurs) et chercheurs confirm\u00e9s. Elle vise \u00e0 encourager les discussions, les collaborations futures et \u00e0 enrichir le r\u00e9seau scientifique des jeunes chercheurs (doctorants, post-doctorants, ing\u00e9nieurs R&amp;D), tout en mobilisant l\u2019expertise des chercheurs confirm\u00e9s.<\/p>\n<h3>PUBLIC CONCERN\u00c9<\/h3>\n<p>L&#8217;\u00c9cole d&#8217;Hiver \u00e9-EGC 2026 s&#8217;adresse en priorit\u00e9 aux doctorants, post-doctorants, \u00e9tudiants de master, ainsi qu\u2019aux ing\u00e9nieurs en R&amp;D et jeunes chercheurs souhaitant approfondir leurs connaissances dans le domaine de l\u2019intelligence artificielle appliqu\u00e9e \u00e0 la cybers\u00e9curit\u00e9.<\/p>\n<p>Elle s\u2019ouvre \u00e9galement aux enseignants-chercheurs ou professionnels d\u00e9sireux de d\u00e9couvrir les derni\u00e8res avanc\u00e9es dans ce champ en constante \u00e9volution.<\/p>\n<h3>L\u2019INSCRIPTION SE R\u00c9ALISE EN DEUX \u00c9TAPES<\/h3>\n<ol>\n<li><strong>Pr\u00e9-inscription (avant le 30\/11\/2025)\u00a0<\/strong><\/li>\n<\/ol>\n<p>Les participants doivent manifester leur int\u00e9r\u00eat, avant le 30\/11\/2025, pour participer \u00e0 l\u2019\u00c9cole en s\u2019inscrivant avec ce formulaire :<\/p>\n<p><a style=\"color: #ffbb00;\" href=\"https:\/\/forms.gle\/24WCf6SDVaYWLupeA\"><strong>https:\/\/forms.gle\/24WCf6SDVaYWLupeA<\/strong><\/a><strong>\u00a0<\/strong><\/p>\n<p>Pour les doctorants et les \u00e9tudiants, pour que la pr\u00e9-inscription soit prise en compte, elle doit \u00eatre accompagn\u00e9e d\u2019un CV r\u00e9cent du participant.<\/p>\n<ol start=\"2\">\n<li><strong>Inscription d\u00e9finitive (avant le 07\/12\/2025)<\/strong><\/li>\n<\/ol>\n<p>Apr\u00e8s la confirmation de la pr\u00e9-inscription par le comit\u00e9 d\u2019organisation, et avant le 07\/12\/2025, les participants doivent s\u2019inscrire via la page d\u2019inscription de la conf\u00e9rence EGC 2025 (attention de bien choisir le tarif comprenant l\u2019\u00c9cole).<\/p>\n<p>Le nombre de participants est limit\u00e9 \u00e0 30 personnes. Le tarif de l\u2019inscription sera affich\u00e9 sur le site de la conf\u00e9rence EGC (<a style=\"color: #ffbb00;\" href=\"https:\/\/conferences.sigappfr.org\/egc2026\/\">https:\/\/conferences.sigappfr.org\/egc2026\/<\/a>) et il comprend :<\/p>\n<ul>\n<li>la participation \u00e0 l\u2019\u00c9cole d\u2019Hiver (26 et 27 janvier 2026) ;<\/li>\n<li>la participation \u00e0 la conf\u00e9rence (28 au 30\u00a0 janvier 2026) ;<\/li>\n<li>les d\u00e9jeuners et le repas de gala.<\/li>\n<\/ul>\n<h3>DATES IMPORTANTES<\/h3>\n<ul>\n<li>\u00a0 Date limite pr\u00e9-inscriptions (CV \u00e0 fournir) : 30\/11\/2025<\/li>\n<li>\u00a0 Inscription effective (\u00c9cole (formation + conf\u00e9rence EGC), sur le site de la conf\u00e9rence) : 07\/12\/2025<\/li>\n<\/ul>\n<h3>COMIT\u00c9 SCIENTIFIQUE ET ORGANISATION<\/h3>\n<ul>\n<li>Salma Sassi (LIUPPA Laboratory, Universit\u00e9 de Pau et des Pays de l&#8217;Adour (UPPA))<\/li>\n<li>Fatiha Sais (LISN, Universit\u00e9 Paris Saclay)<\/li>\n<li>Zaineb Chelly Dagdia (UVSQ, Paris-Saclay)<\/li>\n<li>Claudia Marinica (LS2N, Polytech Nantes, Nantes Universit\u00e9)<\/li>\n<li>Mustapha Lebbah (DAVID, UVSQ)<\/li>\n<\/ul>\n<h3>PROGRAMME DE L&#8217;\u00c9COLE<\/h3>\n<p><strong>Lundi 26\/01\/2026<\/strong><\/p>\n<p>8h30 &#8211; Accueil et attribution de badges<\/p>\n<p>8h45 &#8211; 9h00 \u2013 <strong>Zaineb Chelly Dagdia, Claudia Marinica<\/strong>, <strong>Salma Sassi<\/strong> Bienvenue et pr\u00e9sentation du programme de l\u2019\u00e9cole<\/p>\n<p>9h00 &#8211; 10h30 \u2013<strong> XXX<\/strong> (XXX), \u201cXXX\u201d<\/p>\n<p>10h30 &#8211; 10h45 &#8211; Pause caf\u00e9<\/p>\n<p>10h45 &#8211; 12h15 \u2013<strong> XXX<\/strong> (XXX), \u201cXXX<strong>\u201d<\/strong><\/p>\n<p>12h15 &#8211; 13h30 &#8211; D\u00e9jeuner<\/p>\n<p>13h30 &#8211; 15h00 \u2013 <strong>XXX<\/strong> (XXX), \u201c<strong>XXX<\/strong>\u201d<\/p>\n<p>15h00 &#8211; 15h15 &#8211; Pause caf\u00e9<\/p>\n<p>15h15 &#8211; 17h45 \u2013<strong> XXX<\/strong> (XXX), \u201c<strong>XXX<\/strong>\u201d<\/p>\n<p>20h00 &#8211; D\u00eener<\/p>\n<p><strong>Mardi <\/strong><strong>27\/01\/2026<\/strong><\/p>\n<p>9h00 &#8211; 10h30 \u2013<strong> XXX<\/strong> (XXX), \u201cXXX\u201d<\/p>\n<p>10h30 &#8211; 10h45 &#8211; Pause caf\u00e9<\/p>\n<p>10h45 &#8211; 12h15 \u2013<strong> XXX<\/strong> (XXX), \u201cXXX<strong>\u201d<\/strong><\/p>\n<p>12h30 : Cloture Ecole[\/vc_column_text][\/vc_column][\/vc_row]<\/p>\n","protected":false},"excerpt":{"rendered":"<p>[vc_row][vc_column][vc_column_text]La douzi\u00e8me \u00c9cole d\u2019Hiver \u00e9-EGC, sur le th\u00e8me \u00ab L\u2019Intelligence Artificielle dans la Cybers\u00e9curit\u00e9 : risque ou opportunit\u00e9 ? \u00bb, est un \u00e9v\u00e9nement organis\u00e9 par l\u2019Association Extraction et Gestion de Connaissances (EGC, http:\/\/www.egc.asso.fr\/ ). Cet \u00e9v\u00e9nement s\u2019organise autour de deux&#8230;<\/p>\n","protected":false},"author":2,"featured_media":0,"parent":0,"menu_order":0,"comment_status":"closed","ping_status":"closed","template":"","meta":{"footnotes":""},"class_list":["post-5538","page","type-page","status-publish","hentry"],"_links":{"self":[{"href":"https:\/\/conferences.sigappfr.org\/egc2026\/wp-json\/wp\/v2\/pages\/5538","targetHints":{"allow":["GET"]}}],"collection":[{"href":"https:\/\/conferences.sigappfr.org\/egc2026\/wp-json\/wp\/v2\/pages"}],"about":[{"href":"https:\/\/conferences.sigappfr.org\/egc2026\/wp-json\/wp\/v2\/types\/page"}],"author":[{"embeddable":true,"href":"https:\/\/conferences.sigappfr.org\/egc2026\/wp-json\/wp\/v2\/users\/2"}],"replies":[{"embeddable":true,"href":"https:\/\/conferences.sigappfr.org\/egc2026\/wp-json\/wp\/v2\/comments?post=5538"}],"version-history":[{"count":13,"href":"https:\/\/conferences.sigappfr.org\/egc2026\/wp-json\/wp\/v2\/pages\/5538\/revisions"}],"predecessor-version":[{"id":5551,"href":"https:\/\/conferences.sigappfr.org\/egc2026\/wp-json\/wp\/v2\/pages\/5538\/revisions\/5551"}],"wp:attachment":[{"href":"https:\/\/conferences.sigappfr.org\/egc2026\/wp-json\/wp\/v2\/media?parent=5538"}],"curies":[{"name":"wp","href":"https:\/\/api.w.org\/{rel}","templated":true}]}}