{"id":4316,"date":"2023-09-08T05:50:09","date_gmt":"2023-09-08T05:50:09","guid":{"rendered":"https:\/\/conferences.sigappfr.org\/bci2026\/?page_id=4316"},"modified":"2025-12-26T21:48:29","modified_gmt":"2025-12-26T21:48:29","slug":"final-program","status":"publish","type":"page","link":"https:\/\/conferences.sigappfr.org\/bci2026\/final-program\/","title":{"rendered":"Final Program"},"content":{"rendered":"<p>[vc_row disable_element=&#8221;yes&#8221;][vc_column][vc_single_image image=&#8221;5439&#8243; img_size=&#8221;full&#8221; style=&#8221;vc_box_border&#8221;][vc_column_text]<\/p>\n<table id=\"Education_and_Learning\" class=\"session-table\">\n<tbody>\n<tr>\n<td class=\"session-title\" colspan=\"14\" width=\"1192\">Session 1: Education and Learning<\/td>\n<\/tr>\n<tr>\n<td><strong>Paper ID<\/strong><\/td>\n<td colspan=\"5\"><strong>Authors<\/strong><\/td>\n<td colspan=\"6\"><strong>Paper Title<\/strong><\/td>\n<td width=\"90\"><strong>Type<\/strong><\/td>\n<td width=\"106\"><strong>Presentation<\/strong><br \/>\n<strong>Mode<\/strong><\/td>\n<\/tr>\n<tr>\n<td width=\"86\">3075<\/td>\n<td colspan=\"5\" width=\"378\">Oumaima Ouji and Kalthoum Rezgui<\/td>\n<td colspan=\"6\" width=\"532\">Hybrid MOOC Courses Recommender System Using Collaborative Filtering Models<\/td>\n<td width=\"90\">Regular<\/td>\n<td>\n<p class=\"p1\">On-Line<\/p>\n<\/td>\n<\/tr>\n<tr>\n<td width=\"86\">3721<\/td>\n<td colspan=\"5\" width=\"378\">Chanphot Wongtaweesup and Chutiporn Anutariya<\/td>\n<td colspan=\"6\" width=\"532\">PersonaShield Quest: Design of an Adaptive Cybersecurity Game for Enhancing Adult Learners\u2019 Social-Engineering Awareness<\/td>\n<td width=\"90\">Short<\/td>\n<td>On-Site<\/td>\n<\/tr>\n<tr>\n<td width=\"86\">8866<\/td>\n<td colspan=\"5\" width=\"378\">Awaneendra Kishor Labh and Chutiporn Anutariya<\/td>\n<td colspan=\"6\" width=\"532\">Evaluating Generative AI in Academic Writing: A Comparative Benchmark of ChatGPT and Gemini in Literature Reviews<\/td>\n<td width=\"90\">Regular<\/td>\n<td>On-Site<\/td>\n<\/tr>\n<tr>\n<td width=\"86\">8907<\/td>\n<td colspan=\"5\" width=\"378\">Pricilla Faye Simon and Chutiporn Anutariya<\/td>\n<td colspan=\"6\" width=\"532\">ACCMM: Academic Credentialing Capability Maturity Model in Higher Education<\/td>\n<td width=\"90\">Regular<\/td>\n<td>On-Site<\/td>\n<\/tr>\n<\/tbody>\n<tbody>\n<tr>\n<td class=\"session-title\" colspan=\"14\" width=\"1192\">Session 2: Deep Learning<\/td>\n<\/tr>\n<tr>\n<td><strong>Paper ID<\/strong><\/td>\n<td colspan=\"5\"><strong>Authors<\/strong><\/td>\n<td colspan=\"6\"><strong>Paper Title<\/strong><\/td>\n<td width=\"90\"><strong>Type<\/strong><\/td>\n<td width=\"106\"><strong>Presentation<\/strong><br \/>\n<strong>Mode<\/strong><\/td>\n<\/tr>\n<tr>\n<td width=\"86\">1662<\/td>\n<td colspan=\"5\" width=\"378\">Thi-Thu-Hong Phan, Ngoc-Bao-Quang Nguyen, Tuan-Minh Do and Cong-Tam Phan<\/td>\n<td colspan=\"6\" width=\"532\">Comparative Study of Deep Learning Architectures for Water Level Forecasting in the Red River<\/td>\n<td width=\"90\">Short<\/td>\n<td>On-Line<\/td>\n<\/tr>\n<tr>\n<td width=\"86\">6463<\/td>\n<td colspan=\"5\" width=\"378\">Mai Khoi Tieu, Phu Nguyen, An Ngoc Lam and Sagar Sen<\/td>\n<td colspan=\"6\" width=\"532\">Multi-Agent Generative AI on Digital Twins: A Learning Feedback Loop Framework for Monitoring and Explainability<\/td>\n<td width=\"90\">Regular<\/td>\n<td>On-Line<\/td>\n<\/tr>\n<tr>\n<td width=\"86\">7210<\/td>\n<td colspan=\"5\" width=\"378\">Nhut Minh Nguyen, Duc Tai Phan and Duc Ngoc Minh Dang<\/td>\n<td colspan=\"6\" width=\"532\">GloMER: Towards Robust Multimodal Emotion Recognition via Gated Fusion and Contrastive Learning<\/td>\n<td width=\"90\">Short<\/td>\n<td>On-Site<\/td>\n<\/tr>\n<tr>\n<td width=\"86\">8806<\/td>\n<td colspan=\"5\" width=\"378\">Khang Luong Quang, Anh Tran Bao, Truong Phan Van and Luong Vuong Nguyen<\/td>\n<td colspan=\"6\" width=\"532\">A Review on Deep Learning-based Approaches for Threat Detection<\/td>\n<td width=\"90\">Regular<\/td>\n<td>On-Site<\/td>\n<\/tr>\n<\/tbody>\n<tbody>\n<tr>\n<td class=\"session-title\" colspan=\"14\" width=\"1192\">Session 3: Smart Cities<\/td>\n<\/tr>\n<tr>\n<td><strong>Paper ID<\/strong><\/td>\n<td colspan=\"5\"><strong>Authors<\/strong><\/td>\n<td colspan=\"6\"><strong>Paper Title<\/strong><\/td>\n<td width=\"90\"><strong>Type<\/strong><\/td>\n<td width=\"106\"><strong>Presentation<\/strong><br \/>\n<strong>Mode<\/strong><\/td>\n<\/tr>\n<tr>\n<td width=\"86\">4618<\/td>\n<td colspan=\"5\" width=\"378\">Yasufumi Takama, Shoji Baba and Hiroki Shibata<\/td>\n<td colspan=\"6\" width=\"532\">Proposal on Pedestrian Falls Prediction Using Knowledge Graph Embedding<\/td>\n<td width=\"90\">Regular<\/td>\n<td>On-Site<\/td>\n<\/tr>\n<tr>\n<td width=\"86\">4836<\/td>\n<td colspan=\"5\" width=\"378\">Souha Masmoudi, Karam Bou-Chaaya and Helmi Rais<\/td>\n<td colspan=\"6\" width=\"532\">A Semantic AI Framework for Dynamic Privacy Management in Connected Vehicles<\/td>\n<td width=\"90\">Regular<\/td>\n<td>On-Line<\/td>\n<\/tr>\n<tr>\n<td width=\"86\">9429<\/td>\n<td colspan=\"5\" width=\"378\">Rohin Gillgallon, Giacomo Bergami, Reham Almutairi and Graham Morgan<\/td>\n<td colspan=\"6\" width=\"532\">AI-Driven Multi-Agent Vehicular Planning for Battery Efficiency and QoS in 6G Smart Cities<\/td>\n<td width=\"90\">Short<\/td>\n<td>On-Line<\/td>\n<\/tr>\n<tr>\n<td width=\"86\">9575<\/td>\n<td colspan=\"5\" width=\"378\">Simona Fioretto, Elio Masciari and Enea Vincenzo Napolitano<\/td>\n<td colspan=\"6\" width=\"532\">Artificial Intelligence for ESG Analysis: A Case Study on Institutional Reports from the Public Sector<\/td>\n<td width=\"90\">Regular<\/td>\n<td>On-Site<\/td>\n<\/tr>\n<tr>\n<td width=\"86\">9988<\/td>\n<td colspan=\"5\" width=\"378\">Aapo Koski, Reetta Kukkonen and Tommi Mikkonen<\/td>\n<td colspan=\"6\" width=\"532\">Between Public Mandate and Market Logic: The Inhouse ICT Ecosystem Dilemma in Finland<\/td>\n<td width=\"90\">Regular<\/td>\n<td>On-Site<\/td>\n<\/tr>\n<\/tbody>\n<tbody>\n<tr>\n<td class=\"session-title\" colspan=\"14\" width=\"1192\">Session 4: Parallel and Distributed Archtectures<\/td>\n<\/tr>\n<tr>\n<td><strong>Paper ID<\/strong><\/td>\n<td colspan=\"5\"><strong>Authors<\/strong><\/td>\n<td colspan=\"6\"><strong>Paper Title<\/strong><\/td>\n<td width=\"90\"><strong>Type<\/strong><\/td>\n<td width=\"106\"><strong>Presentation<\/strong><br \/>\n<strong>Mode<\/strong><\/td>\n<\/tr>\n<tr>\n<td width=\"86\">133<\/td>\n<td colspan=\"5\" width=\"378\">Issaret Prachitmutita and Chutiporn Anutariya<\/td>\n<td colspan=\"6\" width=\"532\">Privacy\u2011by\u2011Design\u202fCustomer Data Platform for Hyper\u2011Personalized, Cost\u2011Efficient B2B\u2011SaaS Lead Acquisition<\/td>\n<td width=\"90\">Regular<\/td>\n<td>Online<\/td>\n<\/tr>\n<tr>\n<td width=\"86\">4185<\/td>\n<td colspan=\"5\" width=\"378\">An Ngoc Lam, G\u00f8ran Brekke Svaland, Volker Hoffmann, Mai Khoi Tieu, Brian Elves\u00e6ter, Xiang Ma, Dumitru Roman and Phu Nguyen<\/td>\n<td colspan=\"6\" width=\"532\">A Data Space-Driven Approach for Interoperability in Federated Digital Twins<\/td>\n<td width=\"90\">Regular<\/td>\n<td>On-Site<\/td>\n<\/tr>\n<tr>\n<td width=\"86\">4751<\/td>\n<td colspan=\"5\" width=\"378\">Luis Gustavo Bornia and Ronaldo dos Santos Mello<\/td>\n<td colspan=\"6\" width=\"532\">A Proposal for Database Workload Definition and Calculations<\/td>\n<td width=\"90\">Regular<\/td>\n<td>On-Line<\/td>\n<\/tr>\n<tr>\n<td width=\"86\">5271<\/td>\n<td colspan=\"5\" width=\"378\">Akif Quddus Khan, Dumitru Roman, Tor-Morten Gr\u00f8nli, Muhammad Bilal Akram, Abdullah Lakhan and Ahmet Soylu<\/td>\n<td colspan=\"6\" width=\"532\">A Lightweight CPU Resource Distribution Method for Container-based Cloud Applications<\/td>\n<td width=\"90\">Regular<\/td>\n<td>On-Site<\/td>\n<\/tr>\n<tr>\n<td width=\"86\">9656<\/td>\n<td colspan=\"5\" width=\"378\">Suhel Acharya and Chutiporn Anutariya<\/td>\n<td colspan=\"6\" width=\"532\">Fine-tuning Small Sequence-to-Sequence Models for Text-to-SQL: A Comparative Analysis of T5 and BART Architectures<\/td>\n<td width=\"90\">Regular<\/td>\n<td>On-Line<\/td>\n<\/tr>\n<\/tbody>\n<tbody>\n<tr>\n<td class=\"session-title\" colspan=\"14\" width=\"1192\">Session 5: Modeling and Ontologies<\/td>\n<\/tr>\n<tr>\n<td><strong>Paper ID<\/strong><\/td>\n<td colspan=\"5\"><strong>Authors<\/strong><\/td>\n<td colspan=\"6\"><strong>Paper Title<\/strong><\/td>\n<td width=\"90\"><strong>Type<\/strong><\/td>\n<td width=\"106\"><strong>Presentation<\/strong><br \/>\n<strong>Mode<\/strong><\/td>\n<\/tr>\n<tr>\n<td width=\"86\">1477<\/td>\n<td colspan=\"5\" width=\"378\">Manel Mena, Juan Alberto Llopis, Javier Criado and Luis Iribarne<\/td>\n<td colspan=\"6\" width=\"532\">M\u00b2-DTC: A Metamodel for Context-Aware Digital Twins<\/td>\n<td width=\"90\">Regular<\/td>\n<td>On-Line<\/td>\n<\/tr>\n<tr>\n<td width=\"86\">3069<\/td>\n<td colspan=\"5\" width=\"378\">Aroua Taamallah, Ahmed Dridi and Maha Khemaja<\/td>\n<td colspan=\"6\" width=\"532\">Smart City Strategy Simulation: an approach based on ontologies<\/td>\n<td width=\"90\">Regular<\/td>\n<td>On-Line<\/td>\n<\/tr>\n<tr>\n<td width=\"86\">7739<\/td>\n<td colspan=\"5\" width=\"378\">Luigi Ciceri, Corrado Mio, Jianyi Lin and Gabriele Gianini<\/td>\n<td colspan=\"6\" width=\"532\">Geometry-Aware Physics-Informed PointNets for Modeling Flows Across Porous Stuctures<\/td>\n<td width=\"90\">Short<\/td>\n<td>On-Line<\/td>\n<\/tr>\n<\/tbody>\n<tbody>\n<tr>\n<td class=\"session-title\" colspan=\"14\" width=\"1192\">Session 6: AI Theoretical Issues<\/td>\n<\/tr>\n<tr>\n<td><strong>Paper ID<\/strong><\/td>\n<td colspan=\"5\"><strong>Authors<\/strong><\/td>\n<td colspan=\"6\"><strong>Paper Title<\/strong><\/td>\n<td width=\"90\"><strong>Type<\/strong><\/td>\n<td width=\"106\"><strong>Presentation<\/strong><br \/>\n<strong>Mode<\/strong><\/td>\n<\/tr>\n<tr>\n<td width=\"86\">560<\/td>\n<td colspan=\"5\" width=\"378\">Alexander Iliev, Amirreza Soltani, Vivek Devappally Shivanna and Sanjeeth Chittyala<\/td>\n<td colspan=\"6\" width=\"532\">How Can AI Systems Be Made to Understand and Process Abstract Concepts<\/td>\n<td width=\"90\">Short<\/td>\n<td>On-Line<\/td>\n<\/tr>\n<tr>\n<td width=\"86\">1656<\/td>\n<td colspan=\"5\" width=\"378\">Christoph Stach and Bernhard Mitschang<\/td>\n<td colspan=\"6\" width=\"532\">Digital Ecosystems in the Age of Data and AI Regulations: Overview, Challenges, and Implications<\/td>\n<td width=\"90\">Regular<\/td>\n<td>On-Site<\/td>\n<\/tr>\n<tr>\n<td width=\"86\">3885<\/td>\n<td colspan=\"5\" width=\"378\">Alexander Iliev, Ahmed Noureldin, Burak Y\u0131lmazer and Robert Richartz<\/td>\n<td colspan=\"6\" width=\"532\">How can AI be used to enhance creativity in Artistic Domains<\/td>\n<td width=\"90\">Short<\/td>\n<td>On-Line<\/td>\n<\/tr>\n<tr>\n<td width=\"86\">4251<\/td>\n<td colspan=\"5\" width=\"378\">Dumitru Roman, Raghavendra Selvan, Arda G\u00f6knil, Hina Anwar, Hasan Sozer, Nikolay Nikolov, Ahmet Soylu and Tor Bj\u00f6rn Minde<\/td>\n<td colspan=\"6\" width=\"532\">RegainedAI: Towards a Reference Architecture for Redefining Responsible AI in the Green Digital Transition<\/td>\n<td width=\"90\">Regular<\/td>\n<td>On-Line<\/td>\n<\/tr>\n<\/tbody>\n<tbody>\n<tr>\n<td class=\"session-title\" colspan=\"14\" width=\"1192\">Session 7: Health and Medical Issues<\/td>\n<\/tr>\n<tr>\n<td><strong>Paper ID<\/strong><\/td>\n<td colspan=\"5\"><strong>Authors<\/strong><\/td>\n<td colspan=\"6\"><strong>Paper Title<\/strong><\/td>\n<td width=\"90\"><strong>Type<\/strong><\/td>\n<td width=\"106\"><strong>Presentation<\/strong><br \/>\n<strong>Mode<\/strong><\/td>\n<\/tr>\n<tr>\n<td width=\"86\">3398<\/td>\n<td colspan=\"5\" width=\"378\">Bechir Dardouri, Kais Zhioua and Yassine Msaddak<\/td>\n<td colspan=\"6\" width=\"532\">TTFT-Aware Graph Chain-of-Thought: Distance-Indexed Neural A* for Low-Hallucination Multi-Hop Medical Reasoning<\/td>\n<td width=\"90\">Regular<\/td>\n<td>On-Line<\/td>\n<\/tr>\n<tr>\n<td width=\"86\">4405<\/td>\n<td colspan=\"5\" width=\"378\">Thi-Thu-Hong Phan and Thi-Minh-Trang Pham<\/td>\n<td colspan=\"6\" width=\"532\">Feature Augmentation with PCA for Improved Heart Disease Prediction<\/td>\n<td width=\"90\">Regular<\/td>\n<td>On-Site<\/td>\n<\/tr>\n<tr>\n<td width=\"86\">4967<\/td>\n<td colspan=\"5\" width=\"378\">Saman Fouladi, Fatemeh Darvizeh, Rosario Di Meo, Isa Bossi Zanetti, Gabriele Gianini, Corrado Mio, Ernesto Damiani, Eros Cambie, Antonino Licata, Alessandro Maiocchi, Marco Al\u00ec and Deborah Fazzini<\/td>\n<td colspan=\"6\" width=\"532\">A Hybrid LSTM-UNet Architecture for Segmentation of MRI Prostatic Lesion Images<\/td>\n<td width=\"90\">Regular<\/td>\n<td>On-Line<\/td>\n<\/tr>\n<tr>\n<td width=\"86\">5029<\/td>\n<td colspan=\"5\" width=\"378\">Ahmed Ahmed, Safa Layeb and Hussein Salah<\/td>\n<td colspan=\"6\" width=\"532\">Evaluation a Medical Management Big Data Based-Data Mining Technology: A Case Study of Predicting Diseases and Treatments<\/td>\n<td width=\"90\">Short<\/td>\n<td>On-Line<\/td>\n<\/tr>\n<tr>\n<td width=\"86\">9342<\/td>\n<td colspan=\"5\" width=\"378\">Salma Bouazizi, Hanene Boussi Rahmouni and Abderrazak Jemai<\/td>\n<td colspan=\"6\" width=\"532\">A Digital Twin Approach for Predictive Maintenance and Anomaly Detection in Healthcare 4.0<\/td>\n<td width=\"90\">Short<\/td>\n<td>On-Line<\/td>\n<\/tr>\n<\/tbody>\n<tbody>\n<tr>\n<td class=\"session-title\" colspan=\"14\" width=\"1192\">Session 8: Theoretical Issues<\/td>\n<\/tr>\n<tr>\n<td><strong>Paper ID<\/strong><\/td>\n<td colspan=\"5\"><strong>Authors<\/strong><\/td>\n<td colspan=\"6\"><strong>Paper Title<\/strong><\/td>\n<td width=\"90\"><strong>Type<\/strong><\/td>\n<td width=\"106\"><strong>Presentation<\/strong><br \/>\n<strong>Mode<\/strong><\/td>\n<\/tr>\n<tr>\n<td width=\"86\">702<\/td>\n<td colspan=\"5\" width=\"378\">Roberto Avogadro, Ashish Rauniyar, Arda Goknil, Ahmet Soylu, Cosmin Udroiu and Dumitru Roman<\/td>\n<td colspan=\"6\" width=\"532\">Human-in-the-Loop Entity Linking Visualization and Refinement with KOALA-UI and the Crocodile Framework<\/td>\n<td width=\"90\">Regular<\/td>\n<td>On-Site<\/td>\n<\/tr>\n<tr>\n<td width=\"86\">1031<\/td>\n<td colspan=\"5\" width=\"378\">Duc Tai Phan, Nhut Minh Nguyen and Duc Ngoc Minh Dang<\/td>\n<td colspan=\"6\" width=\"532\">DAAL: Dual Ambiguity in Active Learning for Object Detection with YOLOE<\/td>\n<td width=\"90\">Short<\/td>\n<td>On-Site<\/td>\n<\/tr>\n<tr>\n<td width=\"86\">4562<\/td>\n<td colspan=\"5\" width=\"378\">Phuong Q. Dao, Mark Roantree and Vuong M. Ngo<\/td>\n<td colspan=\"6\" width=\"532\">Enhanced Dual Transformer Contrastive Network for Multimodal Sentiment Analysis<\/td>\n<td width=\"90\">Regular<\/td>\n<td>On-Site<\/td>\n<\/tr>\n<tr>\n<td width=\"86\">6678<\/td>\n<td colspan=\"5\" width=\"378\">David Holman and Tom\u00e1\u0161 Mal\u010dic<\/td>\n<td colspan=\"6\" width=\"532\">Bridging Digital Transformation and Systems Thinking Toward Environmental Coherence: a Systematic Literature Review<\/td>\n<td width=\"90\">Regular<\/td>\n<td>On-Site<\/td>\n<\/tr>\n<tr>\n<td width=\"86\">7568<\/td>\n<td colspan=\"5\" width=\"378\">Ruslan Bondaruc, Alberto Ovena, Mattia Perfumo, Mirko Gala, Ernesto Damiani and Marco Anisetti<\/td>\n<td colspan=\"6\" width=\"532\">Secure and Polymorphic Composition of Service Workflows<\/td>\n<td width=\"90\">Regular<\/td>\n<td>On-Line<\/td>\n<\/tr>\n<\/tbody>\n<tbody>\n<tr>\n<td class=\"session-title\" colspan=\"14\" width=\"1192\">Session 9: AI Technical Issues<\/td>\n<\/tr>\n<tr>\n<td><strong>Paper ID<\/strong><\/td>\n<td colspan=\"5\"><strong>Authors<\/strong><\/td>\n<td colspan=\"6\"><strong>Paper Title<\/strong><\/td>\n<td width=\"90\"><strong>Type<\/strong><\/td>\n<td width=\"106\"><strong>Presentation<\/strong><br \/>\n<strong>Mode<\/strong><\/td>\n<\/tr>\n<tr>\n<td width=\"86\">4116<\/td>\n<td colspan=\"5\" width=\"378\">Kiran Khatter, Abdul Ahad, Aditya Rastogi, Atul Mishra and Devanjali Relan<\/td>\n<td colspan=\"6\" width=\"532\">A Customizable GAN Framework for Distinctive NFT Generation through Attribute Control<\/td>\n<td width=\"90\">Regular<\/td>\n<td>On-Site<\/td>\n<\/tr>\n<tr>\n<td width=\"86\">6598<\/td>\n<td colspan=\"5\" width=\"378\">Hassan Chaitou, Njaka-Harilala Andriamandratomanana, Karam Bou-Chaaya and Helmi Rais<\/td>\n<td colspan=\"6\" width=\"532\">A Holistic Dynamic Security Testing Framework for AI Systems<\/td>\n<td width=\"90\">Regular<\/td>\n<td>On-Line<\/td>\n<\/tr>\n<tr>\n<td width=\"86\">8711<\/td>\n<td colspan=\"5\" width=\"378\">Hoa Nguyen and Van Le<\/td>\n<td colspan=\"6\" width=\"532\">Federated Industrial Data Space and Decentralized Platform Governance for Multi\u2011Tenant Industrial Parks: A Design\u2011Science Artifact<\/td>\n<td width=\"90\">Regular<\/td>\n<td>On-Site<\/td>\n<\/tr>\n<tr>\n<td width=\"86\">8732<\/td>\n<td colspan=\"5\" width=\"378\">Alexandros Vassiliades, Nikolaos Polatidis, Stamatios Samaras, Sotiris Diplaris, Ignacio Cabrera Martin, Yannis Manolopoulos, Stefanos Vrochidis and Ioannis Kompatsiaris<\/td>\n<td colspan=\"6\" width=\"532\">Utilizing Large Language Models for Machine Learning Explainability<\/td>\n<td width=\"90\">Regular<\/td>\n<td>On-Line<\/td>\n<\/tr>\n<tr>\n<td width=\"86\">5755<\/td>\n<td colspan=\"5\" width=\"378\">Ngoc Luyen Le and Marie-H\u00e9l\u00e8ne Abel<\/td>\n<td colspan=\"6\" width=\"532\">Automated Skill Decomposition Meets Expert Ontologies: Bridging the Granularity Gap with LLMs<\/td>\n<td width=\"90\">Regular<\/td>\n<td>On-Site<\/td>\n<\/tr>\n<\/tbody>\n<tbody>\n<tr>\n<td class=\"session-title\" colspan=\"14\" width=\"1192\">Session 10: Applications<\/td>\n<\/tr>\n<tr>\n<td><strong>Paper ID<\/strong><\/td>\n<td colspan=\"5\"><strong>Authors<\/strong><\/td>\n<td colspan=\"6\"><strong>Paper Title<\/strong><\/td>\n<td width=\"90\"><strong>Type<\/strong><\/td>\n<td width=\"106\"><strong>Presentation<\/strong><br \/>\n<strong>Mode<\/strong><\/td>\n<\/tr>\n<tr>\n<td width=\"86\">2459<\/td>\n<td colspan=\"5\" width=\"378\">Thi-Thu-Hong Phan<\/td>\n<td colspan=\"6\" width=\"532\">Improving Bee Sound Classification through Embedded Feature Selection Methods<\/td>\n<td width=\"90\">Regular<\/td>\n<td>On-Site<\/td>\n<\/tr>\n<tr>\n<td width=\"86\">3813<\/td>\n<td colspan=\"5\" width=\"378\">Hiroki Shibata, Atsushi Yoshimoto and Yasufumi Takama<\/td>\n<td colspan=\"6\" width=\"532\">Rating Matrix generation based on rational behavior for recipe recommendation<\/td>\n<td width=\"90\">Regular<\/td>\n<td>On-Site<\/td>\n<\/tr>\n<tr>\n<td width=\"86\">7024<\/td>\n<td colspan=\"5\" width=\"378\">Alexander Iliev and Pradyumna S.R.<\/td>\n<td colspan=\"6\" width=\"532\">Horizontal vs Oriented Bounding Boxes in Aerial Object Detection<\/td>\n<td width=\"90\">Short<\/td>\n<td>Online<\/td>\n<\/tr>\n<tr>\n<td width=\"86\">9242<\/td>\n<td colspan=\"5\" width=\"378\">Thanh Ma, Thy Le and Loc Vu<\/td>\n<td colspan=\"6\" width=\"532\">AgriBridge: A Translation System Between Farmers and Scientists<\/td>\n<td width=\"90\">Regular<\/td>\n<td>On-Line<\/td>\n<\/tr>\n<\/tbody>\n<tbody>\n<tr>\n<td class=\"session-title\" colspan=\"14\" width=\"1192\">Workshop AI-SBKE<\/td>\n<\/tr>\n<tr>\n<td><strong>Paper ID<\/strong><\/td>\n<td colspan=\"5\"><strong>Authors<\/strong><\/td>\n<td colspan=\"6\"><strong>Paper Title<\/strong><\/td>\n<td width=\"90\"><strong>Type<\/strong><\/td>\n<td width=\"106\"><strong>Presentation<\/strong><br \/>\n<strong>Mode<\/strong><\/td>\n<\/tr>\n<tr>\n<td width=\"86\">2233<\/td>\n<td colspan=\"5\" width=\"378\">Noura Abdaoui, Ismahene Hadj Khalifa, Sami Faiz and Lassaad Latrach<\/td>\n<td colspan=\"6\" width=\"532\">Explainable AI for Client Disengagement Prediction in Smart Cities: A Semantic Knowledge Ecosystem Approach<\/td>\n<td width=\"90\">Regular<\/td>\n<td>On-Line<\/td>\n<\/tr>\n<tr>\n<td width=\"86\">9183<\/td>\n<td colspan=\"5\" width=\"378\">Abir Chaabani<\/td>\n<td colspan=\"6\" width=\"532\">Adaptive Grid Scheduling via Hybrid Tabu Search and Parallel Chemical Reaction Optimization<\/td>\n<td width=\"90\">Regular<\/td>\n<td>On-Line<\/td>\n<\/tr>\n<tr>\n<td width=\"86\">9268<\/td>\n<td colspan=\"5\" width=\"378\">Fatma Dhaoui, Kalthoum Rezgui and Nadia Ben Azzouna<\/td>\n<td colspan=\"6\" width=\"532\">Explaining and Predicting Student Dropouts in MOOCs Using Machine Learning and Deep Learning Models<\/td>\n<td width=\"90\">Regular<\/td>\n<td>On-Line<\/td>\n<\/tr>\n<\/tbody>\n<tbody>\n<tr>\n<td class=\"session-title\" colspan=\"14\" width=\"1192\">Workshop DEPRWorld<\/td>\n<\/tr>\n<tr>\n<td><strong>Paper ID<\/strong><\/td>\n<td colspan=\"5\"><strong>Authors<\/strong><\/td>\n<td colspan=\"6\"><strong>Paper Title<\/strong><\/td>\n<td width=\"90\"><strong>Type<\/strong><\/td>\n<td width=\"106\"><strong>Presentation<\/strong><br \/>\n<strong>Mode<\/strong><\/td>\n<\/tr>\n<tr>\n<td width=\"86\">4467<\/td>\n<td colspan=\"5\" width=\"378\">Kanaru Okamoto and Hiroyuki Toda<\/td>\n<td colspan=\"6\" width=\"532\">A Reinforcement Learning Framework for Preventing Procrastination via Decision Support<\/td>\n<td width=\"90\">Regular<\/td>\n<td>On-Line<\/td>\n<\/tr>\n<tr>\n<td width=\"86\">5127<\/td>\n<td colspan=\"5\" width=\"378\">Eiki Soeta and Shohei Yokoyama<\/td>\n<td colspan=\"6\" width=\"532\">EmojiMap: Toward Multi-Feature Geographic Visualization with Social Media Data<\/td>\n<td width=\"90\">Regular<\/td>\n<td>On-Site<\/td>\n<\/tr>\n<tr>\n<td width=\"86\">6930<\/td>\n<td colspan=\"5\" width=\"378\">Jiawen Lai and Shingo Otsuka<\/td>\n<td colspan=\"6\" width=\"532\">Development of an Anime Pilgrimage and Content-Tourism Application Using Flutter<\/td>\n<td width=\"90\">Regular<\/td>\n<td>On-Site<\/td>\n<\/tr>\n<\/tbody>\n<tbody>\n<tr>\n<td class=\"session-title\" colspan=\"14\" width=\"1192\">Workshop AI-Driven MultiGIS<\/td>\n<\/tr>\n<tr>\n<td width=\"86\">4097<\/td>\n<td colspan=\"5\" width=\"378\">Karim Ben Khaled, Davy Monticolo and Maxime Mastagli<\/td>\n<td colspan=\"6\" width=\"532\">From Shop Floor to AI: Agentic GraphRAG for Industrial Knowledge Capture and Workforce Transfer<\/td>\n<td width=\"90\">Regular<\/td>\n<td>On-Site<\/td>\n<\/tr>\n<tr>\n<td width=\"86\">2<\/td>\n<td colspan=\"5\" width=\"378\">Zhuoqian Wu and Shareeful Islam<\/td>\n<td colspan=\"6\" width=\"532\">SAM2-Based Few-Shot Segmentation for Remote Sensing Imagery with Explainable AI<\/td>\n<td width=\"90\">Regular<\/td>\n<td>On-Line<\/td>\n<\/tr>\n<tr>\n<td width=\"86\">3<\/td>\n<td colspan=\"5\" width=\"378\">Helga Hochbauer, Nihala Basheer, Marc Frincu and Shareeful Islam<\/td>\n<td colspan=\"6\" width=\"532\">Beyond Accuracy: Responsible AI &amp; Synthetic Data in GIS<\/td>\n<td width=\"90\">Regular<\/td>\n<td>On-Line<\/td>\n<\/tr>\n<tr>\n<td width=\"86\">4<\/td>\n<td colspan=\"5\" width=\"378\">Fatima Chahal, Kahina Alitouche, and Akram Hakiri<\/td>\n<td colspan=\"6\" width=\"532\">AI-Integrated Framework for Intelligent Geospatial Management in MultiGIS Applications<\/td>\n<td width=\"90\">Regular<\/td>\n<td>On-Site<\/td>\n<\/tr>\n<\/tbody>\n<tbody>\n<tr>\n<td class=\"session-title\" colspan=\"14\">Student Track<\/td>\n<\/tr>\n<tr>\n<td><strong>Paper ID<\/strong><\/td>\n<td colspan=\"5\"><strong>Authors<\/strong><\/td>\n<td colspan=\"6\"><strong>Paper Title<\/strong><\/td>\n<td width=\"90\"><strong>Type<\/strong><\/td>\n<td width=\"106\"><strong>Presentation<\/strong><br \/>\n<strong>Mode<\/strong><\/td>\n<\/tr>\n<tr>\n<td>4535<\/td>\n<td colspan=\"5\" width=\"378\">Imane Chatoui and Laurent Gallon<\/td>\n<td colspan=\"6\" width=\"532\">Durable Academic Sentiment for better detection of student dropout<\/td>\n<td width=\"90\">Regular<\/td>\n<td>On-Line<\/td>\n<\/tr>\n<tr>\n<td width=\"86\">3765<\/td>\n<td colspan=\"5\" width=\"378\">Alberto da Silva Gide\u00e3o, Ronaldo dos Santos Mello and Luis Gustavo Bornia<\/td>\n<td colspan=\"6\" width=\"532\">An Heuristic-based Method for Migrating Relational Schemas to Multiple NoSQL Schemas<\/td>\n<td width=\"90\">Regular<\/td>\n<td>On-Line<\/td>\n<\/tr>\n<tr>\n<td width=\"86\">7760<\/td>\n<td colspan=\"5\" width=\"378\">Renaldi Gondosubroto<\/td>\n<td colspan=\"6\" width=\"532\">Autonomous BGP Route Hijacking and Mitigation Simulation with Generative AI<\/td>\n<td width=\"90\">Regular<\/td>\n<td>On-Site<\/td>\n<\/tr>\n<tr>\n<td width=\"86\">8948<\/td>\n<td colspan=\"5\" width=\"378\">Anh Huy Dang, Bao Anh Doan, Minh Huy Do, Canh An Nguyen and Thanh Dien Nguyen<\/td>\n<td colspan=\"6\" width=\"532\">Design and Implementation of an IoT-Based Smart Home System Integrating RFID Security and Environmental Sensing<\/td>\n<td width=\"90\">Short<\/td>\n<td>On-Site<\/td>\n<\/tr>\n<\/tbody>\n<\/table>\n<p>[\/vc_column_text][\/vc_column][vc_column][\/vc_column][\/vc_row]<\/p>\n","protected":false},"excerpt":{"rendered":"<p>[vc_row disable_element=&#8221;yes&#8221;][vc_column][vc_single_image image=&#8221;5439&#8243; img_size=&#8221;full&#8221; style=&#8221;vc_box_border&#8221;][vc_column_text] Session 1: Education and Learning Paper ID Authors Paper Title Type Presentation Mode 3075 Oumaima Ouji and Kalthoum Rezgui Hybrid MOOC Courses Recommender System Using Collaborative Filtering Models Regular On-Line 3721 Chanphot Wongtaweesup and Chutiporn&#8230;<\/p>\n","protected":false},"author":1,"featured_media":0,"parent":0,"menu_order":0,"comment_status":"closed","ping_status":"closed","template":"","meta":{"footnotes":""},"class_list":["post-4316","page","type-page","status-publish","hentry"],"_links":{"self":[{"href":"https:\/\/conferences.sigappfr.org\/bci2026\/wp-json\/wp\/v2\/pages\/4316","targetHints":{"allow":["GET"]}}],"collection":[{"href":"https:\/\/conferences.sigappfr.org\/bci2026\/wp-json\/wp\/v2\/pages"}],"about":[{"href":"https:\/\/conferences.sigappfr.org\/bci2026\/wp-json\/wp\/v2\/types\/page"}],"author":[{"embeddable":true,"href":"https:\/\/conferences.sigappfr.org\/bci2026\/wp-json\/wp\/v2\/users\/1"}],"replies":[{"embeddable":true,"href":"https:\/\/conferences.sigappfr.org\/bci2026\/wp-json\/wp\/v2\/comments?post=4316"}],"version-history":[{"count":110,"href":"https:\/\/conferences.sigappfr.org\/bci2026\/wp-json\/wp\/v2\/pages\/4316\/revisions"}],"predecessor-version":[{"id":5550,"href":"https:\/\/conferences.sigappfr.org\/bci2026\/wp-json\/wp\/v2\/pages\/4316\/revisions\/5550"}],"wp:attachment":[{"href":"https:\/\/conferences.sigappfr.org\/bci2026\/wp-json\/wp\/v2\/media?parent=4316"}],"curies":[{"name":"wp","href":"https:\/\/api.w.org\/{rel}","templated":true}]}}