{"id":3925,"date":"2023-01-16T14:16:18","date_gmt":"2023-01-16T14:16:18","guid":{"rendered":"https:\/\/conferences.sigappfr.org\/adbis2024\/?page_id=3925"},"modified":"2024-06-10T13:27:12","modified_gmt":"2024-06-10T13:27:12","slug":"call-for-doctoral-consortium-papers","status":"publish","type":"page","link":"https:\/\/conferences.sigappfr.org\/adbis2024\/call-for-doctoral-consortium-papers\/","title":{"rendered":"Call for Doctoral Consortium Papers"},"content":{"rendered":"<p>[vc_row][vc_column][vc_column_text]Click here to download the CFDC of ADBIS 2024: <a href=\"https:\/\/conferences.sigappfr.org\/adbis2024\/wp-content\/uploads\/2024\/06\/ADBIS-2024-1-page-CFDC.pdf\"><img loading=\"lazy\" decoding=\"async\" class=\"alignnone wp-image-3809\" style=\"margin-bottom: 8px;\" src=\"..\/..\/inista2023\/wp-content\/uploads\/2022\/12\/pngegg.png\" alt=\"\" width=\"24\" height=\"27\" srcset=\"https:\/\/conferences.sigappfr.org\/adbis2024\/wp-content\/uploads\/2022\/12\/pngegg.png 1784w, https:\/\/conferences.sigappfr.org\/adbis2024\/wp-content\/uploads\/2022\/12\/pngegg-263x300.png 263w, https:\/\/conferences.sigappfr.org\/adbis2024\/wp-content\/uploads\/2022\/12\/pngegg-896x1024.png 896w, https:\/\/conferences.sigappfr.org\/adbis2024\/wp-content\/uploads\/2022\/12\/pngegg-768x877.png 768w, https:\/\/conferences.sigappfr.org\/adbis2024\/wp-content\/uploads\/2022\/12\/pngegg-1345x1536.png 1345w, https:\/\/conferences.sigappfr.org\/adbis2024\/wp-content\/uploads\/2022\/12\/pngegg-600x685.png 600w\" sizes=\"auto, (max-width: 24px) 100vw, 24px\" \/><\/a><a href=\"https:\/\/conferences.sigappfr.org\/adbis2024\/wp-content\/uploads\/2024\/06\/ADBIS-2024-1-page-CFDC.txt\"><img loading=\"lazy\" decoding=\"async\" class=\"alignnone wp-image-3810\" style=\"margin-bottom: 8px;\" src=\"..\/..\/inista2023\/wp-content\/uploads\/2022\/12\/txt-file.png\" alt=\"\" width=\"26\" height=\"26\" srcset=\"https:\/\/conferences.sigappfr.org\/adbis2024\/wp-content\/uploads\/2022\/12\/txt-file.png 512w, https:\/\/conferences.sigappfr.org\/adbis2024\/wp-content\/uploads\/2022\/12\/txt-file-300x300.png 300w, https:\/\/conferences.sigappfr.org\/adbis2024\/wp-content\/uploads\/2022\/12\/txt-file-150x150.png 150w, https:\/\/conferences.sigappfr.org\/adbis2024\/wp-content\/uploads\/2022\/12\/txt-file-350x350.png 350w, https:\/\/conferences.sigappfr.org\/adbis2024\/wp-content\/uploads\/2022\/12\/txt-file-85x85.png 85w, https:\/\/conferences.sigappfr.org\/adbis2024\/wp-content\/uploads\/2022\/12\/txt-file-100x100.png 100w, https:\/\/conferences.sigappfr.org\/adbis2024\/wp-content\/uploads\/2022\/12\/txt-file-400x400.png 400w\" sizes=\"auto, (max-width: 26px) 100vw, 26px\" \/><\/a>[\/vc_column_text][\/vc_column][\/vc_row][vc_row][vc_column][vc_tta_accordion][vc_tta_section title=&#8221;General Information&#8221; tab_id=&#8221;1699382687917-f57e2e8e-60f0&#8243;][vc_column_text]The Doctoral Consortium (DC) is a forum where PhD students can present their research ideas, confront them with the scientific community, receive feedback from mentors and tie cooperation bounds. Students will receive inspiration from their peers and will have a chance to discuss their research objectives with senior community members in the context of an established international conference. The DC session will take place during the conference. <strong>Each participant will present her\/his work, followed by a discussion with senior researcher. Receiving feedback about your work from senior researchers and discussing it with them is an excellent opportunity to receive valuable comments and suggestions on the research activity.<\/strong><\/p>\n<p>One accepted paper will be awarded the\u00a0\u201c<strong>Best Doctoral Consortium Paper Award<\/strong>\u201d\u00a0by the DC Committee.<\/p>\n<p>We are planning an in-person Consortium with a virtual option. All participants are expected to attend the Consortium meeting. Those authors who cannot travel will be allowed to present and participate remotely.[\/vc_column_text][\/vc_tta_section][vc_tta_section title=&#8221;Important Dates&#8221; tab_id=&#8221;1669785352215-8e3485c4-ec7d&#8221;][vc_column_text]<\/p>\n<ul>\n<li>Submission: <s>10 May 2024 at 14:00 CEST\u00a0<\/s> <span style=\"color: #ff2222;\"><strong>3 June 2024<\/strong><\/span><\/li>\n<li>Acceptance:\u00a0<strong>10<\/strong> <strong>June 2024<\/strong><\/li>\n<li>Camera-ready:\u00a0<s>20 June 2024<\/s> <strong> <span style=\"color: #ff2222;\">3 July 2024<\/span><\/strong><\/li>\n<li>Doctoral consortium:\u00a0<strong> 28 August 2024<\/strong><\/li>\n<\/ul>\n<p>[\/vc_column_text][\/vc_tta_section][vc_tta_section title=&#8221;Eligibility \u2013 Call for Participation&#8221; tab_id=&#8221;1669785090648-608172ee-d777&#8243;][vc_column_text]We seek PhD students who have either determined the direction of their thesis research (probably with some preliminary results already published) but still have substantial work to complete or PhD student participants in the early stages of their dissertations.[\/vc_column_text][\/vc_tta_section][vc_tta_section title=&#8221;Submission Guidelines&#8221; tab_id=&#8221;1701680281745-e9ecbc10-4877&#8243;][vc_column_text]Submit a paper of at least 4 pages and at most 8 pages in\u00a0<a style=\"color: #ffbb00;\" href=\"https:\/\/preview.springer.com\/gp\/computer-science\/lncs\/conference-proceedings-guidelines\">Springer LNCS format<\/a>\u00a0and describe the state of the whole PhD project, rather than a specific completed result. <strong>You must be the only author of the paper<\/strong>. The paper should outline the objectives, the problem, state of the art, results obtained so far, and what is still to be done in the frame of the PhD project. Papers must be submitted via\u00a0<a style=\"color: #ffbb00;\" href=\"https:\/\/easychair.org\/conferences\/?conf=adbis2024\">Easy Chair<\/a>. Authors should consult Springer\u2019s authors\u2019 guidelines and use their proceedings templates, either for LaTeX or for Word, for the preparation of their papers. Springer encourages authors to include their ORCIDs in their papers.<\/p>\n<p><strong>When submitting, you must explicitly state whether your document is to be considered for publication in the DC proceedings or not<\/strong>. To do so, do not forget to tick the checkbox \u201cto be considered for publication in the DC proceedings\u201d at submission time.<\/p>\n<p>Suppose you opt for considering your paper for being published in the DC proceedings. In that case, it will be evaluated by the DC committee and by the acceptance date, you will be notified if your paper has been selected for publication. <strong>Note that papers might not be accepted for publication but still be presented at the DC event<\/strong>.<\/p>\n<p>Authors willing to present consolidated results must submit a paper to the main conference or one of the associated workshops. A paper submitted to the DC may not be under review for any other conference or journal when it is being considered for the DC.[\/vc_column_text][\/vc_tta_section][vc_tta_section title=&#8221;Proceedings&#8221; tab_id=&#8221;1701680415961-a6cc4914-1a4a&#8221;][vc_column_text]The selected DC papers will be published together with the workshops\u2019 proceedings, by Springer in the\u00a0<a style=\"color: #ffbb00;\" href=\"https:\/\/www.springer.com\/series\/7899\">Communications in Computer and Information Science<\/a>\u00a0series.<\/p>\n<p>Authors should consult Springer\u2019s guidelines for authors and use their proceedings templates, either for LaTeX or for Word, for the preparation of their papers. Springer encourages authors to include their ORCIDs in their papers. In addition, the corresponding author of each paper, acting on behalf of all of the authors of that paper, must complete and sign a Consent-to-Publish form. The corresponding author signing the copyright form should match the corresponding author marked on the paper. Once the files have been sent to Springer, changes relating to the authorship of the papers cannot be made.[\/vc_column_text][\/vc_tta_section][vc_tta_section title=&#8221;Special Issues&#8221; tab_id=&#8221;1701680525969-49107d49-5c8a&#8221;][vc_column_text]A selection of the papers accepted in ADBIS 2024 will be invited for publication in a Special Issue of an international journal (to be determined). Extensions of accepted DC contributions might be invited for inclusion in the issue, particularly the best DC paper awarded by the program committee.<\/p>\n<div id=\"gtx-trans\" style=\"position: absolute; left: 485px; top: 38px;\">\n<div class=\"gtx-trans-icon\"><\/div>\n<\/div>\n<p>[\/vc_column_text][\/vc_tta_section][vc_tta_section title=&#8221;Doctoral Consortium Co-Chairs&#8221; tab_id=&#8221;1701681276362-662e8842-473d&#8221;][vc_column_text]<\/p>\n<ul>\n<li>Mirjana Ivanovic, University of Novi Sad, Faculty of Sciences, Department of Mathematics and Informatics, Serbia (<a href=\"mailto:e-mail:mira@dmi.uns.ac.rs\">mira@dmi.uns.ac.rs<\/a>)<\/li>\n<li>Genoveva Vargas Solar, LIRIS, French Council of Scientific Research, France (<a href=\"mailto:genoveva.vargas-solar@cnrs.fr\">genoveva.vargas-solar@cnrs.fr<\/a>)<\/li>\n<li>Ester Zumpano, DIMES, Universit\u00e0 della Calabria, Italy (<a href=\"mailto:e.zumpano@dimes.unical.it\">e.zumpano@dimes.unical.it<\/a>)<\/li>\n<\/ul>\n<div id=\"gtx-trans\" style=\"position: absolute; left: 853px; top: 14.6667px;\">\n<div class=\"gtx-trans-icon\"><\/div>\n<\/div>\n<p>[\/vc_column_text][\/vc_tta_section][vc_tta_section title=&#8221;Program Committee for the Doctoral Consortium (tentative)&#8221; tab_id=&#8221;1701681342810-c3076eb2-010a&#8221;][vc_column_text]<\/p>\n<ul>\n<li>Judith\u00a0Awiti,\u00a0Universit\u00e9 libre de\u00a0Bruxelles, Belgium<\/li>\n<li>Andrea Cal\u00ec, Birkbeck University of London<\/li>\n<li>Barbara Catania, University of Genoa, Italy<\/li>\n<li>J\u00e9r\u00f4me Darmont, U. Lumi\u00e8re Lyon 2, France<\/li>\n<li>Marlon Dumas, U. Tartu, Estonia<\/li>\n<li>Abir Farouzi,\u00a0LIAS\/ISAE-ENSMA, France<\/li>\n<li>Sergio Flesca, University of Calabria, Italy<\/li>\n<li>Cristian Molinaro, University of Calabria, Italy<\/li>\n<li>Laura Po, U. Modena, Italy<\/li>\n<li>Nicolas Travers, U. Eiffel Paris, France<\/li>\n<li>Raquel Trillo, U. Zaragoza, Spain<\/li>\n<li>Domenico Ursino, Universit\u00e0 Politecnica delle Marche, Italy<\/li>\n<li>Luciano Caroprese, University G. d&#8217; Annunzio of Chieti-Pescara,Italy<\/li>\n<\/ul>\n<p>[\/vc_column_text][\/vc_tta_section][\/vc_tta_accordion][\/vc_column][\/vc_row]<\/p>\n","protected":false},"excerpt":{"rendered":"<p>[vc_row][vc_column][vc_column_text]Click here to download the CFDC of ADBIS 2024: [\/vc_column_text][\/vc_column][\/vc_row][vc_row][vc_column][vc_tta_accordion][vc_tta_section title=&#8221;General Information&#8221; tab_id=&#8221;1699382687917-f57e2e8e-60f0&#8243;][vc_column_text]The Doctoral Consortium (DC) is a forum where PhD students can present their research ideas, confront them with the scientific community, receive feedback from mentors and tie cooperation&#8230;<\/p>\n","protected":false},"author":1,"featured_media":0,"parent":0,"menu_order":0,"comment_status":"closed","ping_status":"closed","template":"","meta":{"footnotes":""},"class_list":["post-3925","page","type-page","status-publish","hentry"],"_links":{"self":[{"href":"https:\/\/conferences.sigappfr.org\/adbis2024\/wp-json\/wp\/v2\/pages\/3925","targetHints":{"allow":["GET"]}}],"collection":[{"href":"https:\/\/conferences.sigappfr.org\/adbis2024\/wp-json\/wp\/v2\/pages"}],"about":[{"href":"https:\/\/conferences.sigappfr.org\/adbis2024\/wp-json\/wp\/v2\/types\/page"}],"author":[{"embeddable":true,"href":"https:\/\/conferences.sigappfr.org\/adbis2024\/wp-json\/wp\/v2\/users\/1"}],"replies":[{"embeddable":true,"href":"https:\/\/conferences.sigappfr.org\/adbis2024\/wp-json\/wp\/v2\/comments?post=3925"}],"version-history":[{"count":24,"href":"https:\/\/conferences.sigappfr.org\/adbis2024\/wp-json\/wp\/v2\/pages\/3925\/revisions"}],"predecessor-version":[{"id":4742,"href":"https:\/\/conferences.sigappfr.org\/adbis2024\/wp-json\/wp\/v2\/pages\/3925\/revisions\/4742"}],"wp:attachment":[{"href":"https:\/\/conferences.sigappfr.org\/adbis2024\/wp-json\/wp\/v2\/media?parent=3925"}],"curies":[{"name":"wp","href":"https:\/\/api.w.org\/{rel}","templated":true}]}}